{"id":125,"date":"2017-01-13T12:10:20","date_gmt":"2017-01-13T12:10:20","guid":{"rendered":"http:\/\/www.komornik-banko.pl\/?page_id=125"},"modified":"2024-12-23T20:13:50","modified_gmt":"2024-12-23T20:13:50","slug":"informacje-o-kancelarii","status":"publish","type":"page","link":"http:\/\/www.komornik-banko.pl\/","title":{"rendered":"Komornik S\u0105dowy przy S\u0105dzie Rejonowym Lublin-Zach\u00f3d w Lublinie Pawe\u0142 Ba\u0144ko"},"content":{"rendered":"<p><img loading=\"lazy\" class=\"alignnone  wp-image-142\" src=\"http:\/\/www.komornik-banko.pl\/wp-content\/uploads\/2022\/10\/komornikK-300x176.jpg\" alt=\"\" width=\"599\" height=\"351\" srcset=\"http:\/\/www.komornik-banko.pl\/wp-content\/uploads\/2022\/10\/komornikK-300x176.jpg 300w, http:\/\/www.komornik-banko.pl\/wp-content\/uploads\/2022\/10\/komornikK-768x451.jpg 768w, http:\/\/www.komornik-banko.pl\/wp-content\/uploads\/2022\/10\/komornikK-50x29.jpg 50w, http:\/\/www.komornik-banko.pl\/wp-content\/uploads\/2022\/10\/komornikK.jpg 900w\" sizes=\"(max-width: 599px) 100vw, 599px\" \/><\/p>\n\n\n<p class=\"has-vivid-red-color has-text-color\"><strong>Uprzejmie informujemy, \u017ce dnia 24 grudnia (Wigilia), pracujemy do godziny 13.00 W pi\u0105tek 27 grudnia Kancelaria b\u0119dzie nieczynna.<\/strong><\/p>\n","protected":false},"excerpt":{"rendered":"<p>Uprzejmie informujemy, \u017ce dnia 24 grudnia (Wigilia), pracujemy do godziny 13.00 W pi\u0105tek 27 grudnia Kancelaria b\u0119dzie nieczynna.<\/p>\n","protected":false},"author":1,"featured_media":0,"parent":0,"menu_order":0,"comment_status":"closed","ping_status":"closed","template":"","meta":[],"wppr_data":{"cwp_meta_box_check":"No"},"_links":{"self":[{"href":"http:\/\/www.komornik-banko.pl\/index.php?rest_route=\/wp\/v2\/pages\/125"}],"collection":[{"href":"http:\/\/www.komornik-banko.pl\/index.php?rest_route=\/wp\/v2\/pages"}],"about":[{"href":"http:\/\/www.komornik-banko.pl\/index.php?rest_route=\/wp\/v2\/types\/page"}],"author":[{"embeddable":true,"href":"http:\/\/www.komornik-banko.pl\/index.php?rest_route=\/wp\/v2\/users\/1"}],"replies":[{"embeddable":true,"href":"http:\/\/www.komornik-banko.pl\/index.php?rest_route=%2Fwp%2Fv2%2Fcomments&post=125"}],"version-history":[{"count":18,"href":"http:\/\/www.komornik-banko.pl\/index.php?rest_route=\/wp\/v2\/pages\/125\/revisions"}],"predecessor-version":[{"id":201,"href":"http:\/\/www.komornik-banko.pl\/index.php?rest_route=\/wp\/v2\/pages\/125\/revisions\/201"}],"wp:attachment":[{"href":"http:\/\/www.komornik-banko.pl\/index.php?rest_route=%2Fwp%2Fv2%2Fmedia&parent=125"}],"curies":[{"name":"wp","href":"https:\/\/api.w.org\/{rel}","templated":true}]}}